4).
12
Let o(c) = 14917*c - 42. Determine o(0).
-42
Let p(l) = 360*l**2 + 6497*l + 71. Calculate p(-18).
-235
Let r(o) = -o**3 + 169*o**2 - 337*o + 674. Give r(167).
173
Let v(l) = -2*l**2 - 291*l - 1113. Determine v(-142).
-119
Let l(w) = -w**3 + 9*w**2 + 1503. Give l(0).
1503
Let l(p) = -296*p - 4379. Give l(-15).
61
Let b(u) = -14*u**2 + 392*u - 1602. What is b(23)?
8
Let a(h) = -89*h**2 + 906*h - 81. What is a(12)?
-2025
Let w(z) = 2229*z**2 + 285321*z + 1131. Calculate w(-128).
-21
Let s(t) = 10004*t - 9983. What is s(1)?
21
Let i(f) = -62519*f - 251303. Give i(-4).
-1227
Let h(x) = -6757*x + 5348. Determine h(1).
-1409
Let p(c) = 1389*c - 56995. Give p(41).
-46
Let j(b) = 2203*b - 13178. Calculate j(6).
40
Let k(a) = 216*a**3 - 5617*a**2 + 43*a - 460. What is k(26)?
-18
Let m(s) = -4*s**2 + 660*s + 4069. Calculate m(172).
-747
Let o(d) = -13*d**3 + 447*d**2 - 401*d - 20. Determine o(1).
13
Let h(f) = 2*f**2 + 302*f + 4221. Give h(-137).
385
Let c(d) = 2*d**3 - 461*d**2 + 433*d - 46684. Calculate c(230).
6
Let z(r) = r**3 + 107*r**2 - 109*r + 98. What is z(-108)?
206
Let u(p) = -1046*p**2 - 11459*p + 555. Calculate u(-11).
38
Let p(f) = f**2 - 135*f + 3964. Determine p(102).
598
Let h(x) = -x**2 + 294*x - 11052. What is h(43)?
-259
Let s(j) = -2*j**3 - 116*j**2 + 26*j - 478. Determine s(-58).
-1986
Let m(x) = 297*x + 2338. Calculate m(-8).
-38
Let a(b) = 2104*b + 50547. Calculate a(-24).
51
Let f(s) = -4194*s + 7887. Determine f(2).
-501
Let v(n) = -n**3 + 34*n**2 - 62*n - 538. Determine v(31).
423
Let v(b) = 2*b**3 - 136*b**2 - 221*b + 15542. What is v(68)?
514
Let d(m) = -m**3 - 12*m**2 - 1064*m - 22747. Determine d(-19).
-4
Let l(q) = q**3 + 196*q**2 - 22423*q + 3886. What is l(-277)?
8
Let a(v) = 6*v**3 - 25*v**2 + 33*v - 9. Give a(1).
5
Let u(q) = 11673*q + 105339. What is u(-9)?
282
Let b(c) = 1699*c - 88999. What is b(52)?
-651
Let b(o) = -1210*o + 50269. Calculate b(41).
659
Let i(t) = -t**3 - 29*t**2 - 188*t + 62. Give i(-18).
-118
Let d(j) = 2*j**3 - 132*j**2 - 142*j + 52. Calculate d(67).
-484
Let p(o) = -o**2 + 2*o - 9. Calculate p(17).
-264
Let w(v) = -33*v**2 - 2320*v + 2619. Give w(-72).
-1413
Let t(l) = -2*l**3 - 86*l**2 + 156*l - 33. What is t(-45)?
1047
Let j(g) = -6*g**2 + 260*g - 162. Determine j(42).
174
Let h(i) = i**3 + 56*i**2 - 519*i - 363. Determine h(-64).
85
Let o(x) = -577*x**2 + 6721*x + 10115. Determine o(13).
-25
Let x(j) = 26772*j + 321272. Determine x(-12).
8
Let i(j) = -2*j**2 - 112*j + 44. Calculate i(-57).
-70
Let c(q) = 2*q**3 + 22*q**2 - 367*q - 114. Determine c(-20).
26
Let v(c) = -c**3 - 116*c**2 - 88*c + 3103. Determine v(-115).
-2
Let x(d) = -2*d**2 - 8*d + 19. Give x(3).
-23
Let m(v) = -8*v**2 + 63390*v - 190161. Give m(3).
-63
Let r(b) = 9*b**2 - 40501*b + 886679. Give r(22).
13
Let t(p) = -p**3 + 16*p**2 + 1917*p + 7283. What is t(54)?
-7
Let t(v) = -3*v**2 + 355*v - 5890. What is t(22)?
468
Let b(z) = z**3 + 30*z**2 - 2147*z + 2232. Give b(33).
-12
Let f(l) = l**3 - 31*l**2 - 337*l - 1004. What is f(41)?
1989
Let t(s) = -324*s + 59946. Give t(185).
6
Let z(b) = 20*b + 1775. What is z(-93)?
-85
Let n(g) = 805*g + 1227. What is n(-1)?
422
Let x(i) = -i**2 - 2616*i + 397385. Determine x(144).
-55
Let l(y) = 16*y**2 + 5657*y + 116708. What is l(-22)?
-2
Let d(p) = -2*p**2 - 243*p + 1877. Determine d(-131).
-612
Let o(x) = x**2 + 1353*x + 309826. Determine o(-292).
14
Let a(q) = -91*q**2 + 2627*q + 149. Give a(29).
-199
Let g(k) = -k**2 + 79*k - 550. Give g(44).
990
Let l(p) = p**2 - 8313*p - 16635. Determine l(-2).
-5
Let l(s) = 120*s - 11006. Give l(97).
634
Let u(i) = -i**3 + 274*i**2 + 250*i + 10047. Calculate u(275).
3172
Let v(y) = -2*y**2 + 52201*y - 521805. Give v(10).
5
Let a(x) = -296*x - 1434. Determine a(-6).
342
Let j(b) = 611*b + 30595. Give j(-50).
45
Let p(c) = -c**2 + 113*c - 2672. Determine p(38).
178
Let u(i) = 76*i**2 - 791*i - 481. Give u(11).
14
Let c(s) = -94*s**3 - 2*s**2 - 28*s + 83. Calculate c(3).
-2557
Let a(u) = -808*u**2 + 14524*u + 355. Determine a(18).
-5
Let g(b) = 52*b**2 + 12796*b + 1176. Calculate g(-246).
192
Let o(f) = -4*f**2 - 23967*f + 191914. Give o(8).
-78
Let q(p) = 17*p**2 - 5089*p + 29915. Give q(6).
-7
Let b(q) = 103370*q - 620236. Give b(6).
-16
Let c(t) = -1390*t - 403082. What is c(-290)?
18
Let l(r) = 7*r**3 - 453*r**2 + 318*r + 130. Calculate l(64).
2
Let s(x) = x**3 + 1695*x**2 + 83855*x + 564. Calculate s(-51).
3
Let c(w) = -59952*w - 2458020. What is c(-41)?
12
Let p(m) = -m**2 - 23*m - 126. What is p(0)?
-126
Let r(f) = 28140*f + 337685. What is r(-12)?
5
Let s(o) = 238*o - 33518. Give s(146).
1230
Let i(f) = 79429*f - 476581. Give i(6).
-7
Let n(x) = -1023*x + 97186. Determine n(95).
1
Let a(c) = 8596*c + 26837. What is a(-3)?
1049
Let y(x) = -4569*x - 53483. Calculate y(-11).
-3224
Let d(f) = -1696*f - 167876. Calculate d(-99).
28
Let a(d) = -4168*d - 91991. What is a(-22)?
-295
Let p(b) = 2*b**3 - 18*b**2 + 91*b - 938. Calculate p(12).
1018
Let v(a) = -628*a - 729. Determine v(0).
-729
Let p(f) = -f**2 + 35*f + 603. Determine p(49).
-83
Let c(b) = -3*b**3 + 4*b**2 + 259*b + 2077. Give c(-7).
1489
Let l(d) = -1107*d - 35427. Calculate l(-32).
-3
Let x(l) = -13689*l + 121238. Calculate x(9).
-1963
Let r(h) = -h**2 + 403*h - 37107. Calculate r(142).
-45
Let v(x) = -1657*x + 493797. Determine v(298).
11
Let y(o) = 229*o + 6330. Give y(-26).
376
Let h(s) = -116*s**2 + 63731*s + 37999. What is h(550)?
49
Let m(f) = f**2 + 66446*f - 1396028. What is m(21)?
-221
Let f(v) = 302*v**2 - 156737*v - 509. Calculate f(519).
10
Let q(j) = -j**3 - j**2 + 609*j - 214. Determine q(0).
-214
Let r(m) = m**2 - 544*m + 61837. Determine r(160).
397
Let v(s) = 205*s - 16586. Calculate v(86).
1044
Let l(f) = 8*f**2 - 553039*f - 553041. What is l(-1)?
6
Let b(q) = -628*q - 63397. Give b(-101).
31
Let y(l) = -5*l**3 + 34*l**2 - 213*l + 36. Give y(7).
-1504
Let n(x) = -3419*x - 5166099. Determine n(-1511).
10
Let o(p) = p**3 - 2059*p**2 + 38767*p - 25. Calculate o(19).
108
Let y(o) = o**3 + 54*o**2 + 4729*o + 22423. What is y(-5)?
3
Let c(r) = -11279*r + 89848. What is c(8)?
-384
Let i(u) = -171*u**2 + 16967*u + 13302. What is i(100)?
2
Let y(p) = 103*p**2 - 3296*p - 10. Determine y(32).
-10
Let g(r) = -230343*r + 460683. Give g(2).
-3
Let l(y) = -1161*y - 570059. Give l(-491).
-8
Let f(w) = -w**3 - 530*w**2 + 2658*w + 20. Determine f(5).
-65
Let l(r) = r**2 + 55*r - 174363. Determine l(391).
23
Let v(g) = 127283*g - 9800787. What is v(77)?
4
Let x(v) = 1260442*v - 11343954. Determine x(9).
24
Let u(i) = -28*i**3 - 81*i**2 + 45*i + 132. Give u(-3).
24
Let j(f) = 4*f**3 - 78*f**2 - 48*f + 162. Give j(20).
2
Let a(z) = -1152*z**2 - 3455*z - 4. Determine a(-3).
-7
Let r(t) = t**3 - 1080*t**2 + 159107*t - 2712. Give r(904).
0
Let j(w) = -17039*w + 51130. What is j(3)?
13
Let v(n) = n**3 + 17*n**2 + 38*n + 654. Determine v(-17).
8
Let u(c) = 36803*c + 662479. Give u(-18).
25
Let g(k) = 253314*k - 1266575. What is g(5)?
-5
Let n(b) = -1911*b - 277097. Determine n(-145).
-2
Let w(x) = x**2 + 17596*x + 246142. Give w(-14).
-6
Let a(w) = -w**3 + 29*w**2 - 240*w + 622. Calculate a(17).
10
Let p(d) = d**3 - 35*d**2 - 143*d + 703. Give p(38).
-399
Let k(t) = -3743*t**3 - 45*t**2 - 43*t + 3. Give k(-1).
3744
Let m(c) = -34*c**2. Calculate m(2).
-136
Let k(p) = -44*p - 791. Give k(-20).
89
Let a(w) = -27*w**2 + 1147*w - 517. What is a(42)?
29
Let q(u) = u**3 + 113*u**2 - 61*u - 6899. What is q(-113)?
-6
Let k(r) = -2*r**3 + 27*r**2 - 46*r + 30. Determine k(5).
225
Let t(m) = -3*m**2 - 846*m - 4207. Calculate t(-5).
-52
Let u(f) = 9*f**3 - 866*f**2 - 680*f + 103. Calculate u(97).
6
Let h(t) = -6*t**3 + 36*t**2 + 1958*t - 11713. Calculate h(6).
35
Let n(i) = -3*i**3 - 2*i**2 + 14908*i - 14907. What is n(1)?
-4
Let s(j) = j**3 + 117*j**2 + 2016*j - 23. What is s(-96)?
-23
Let d(w) = -w**2 + 3358*w - 69914. Calculate d(21).
163
Let o(u) = 11*u**2 - 538*u - 4863. What is o(-9)?
870
Let m(o) = 831*o - 9096. Determine m(11).
45
Let i(l) = -l**3 + 126*l**2 - 3406*l + 4176. Determine i(37).
-5
Let l(p) = 33*p**2 - 2262*p - 10740. What is l(73)?
-9
Let s(m) = -718*m + 180. Give s(1).
-538
Let d(c) = -c**3 + 129*c**2 - 87*c - 21735. Calculate d(127).
-526
Let y(p) = -120645*p - 1568320. 